hat is the tens digit of 283?
8
What is the hundreds digit of 19209?
2
What is the tens digit of 3951?
5
What is the units digit of 2572?
2
What is the units digit of 74?
4
What is the thousands digit of 147896?
7
What is the thousands digit of 12436?
2
What is the tens digit of 147897?
9
What is the tens digit of 49474?
7
What is the units digit of 17385?
5
What is the units digit of 3365?
5
What is the thousands digit of 13823?
3
What is the thousands digit of 5512?
5
What is the units digit of 1205?
5
What is the thousands digit of 9673?
9
What is the units digit of 3814?
4
What is the ten thousands digit of 48968?
4
What is the hundreds digit of 430?
4
What is the thousands digit of 1807?
1
What is the thousands digit of 8134?
8
What is the units digit of 3491?
1
What is the hundreds digit of 61149?
1
What is the tens digit of 1927?
2
What is the tens digit of 3782?
8
What is the tens digit of 2449?
4
What is the units digit of 6208?
8
What is the hundreds digit of 13141?
1
What is the thousands digit of 4868?
4
What is the thousands digit of 1684?
1
What is the tens digit of 5563?
6
What is the tens digit of 15546?
4
What is the thousands digit of 49274?
9
What is the units digit of 47966?
6
What is the thousands digit of 59770?
9
What is the tens digit of 68036?
3
What is the tens digit of 30963?
6
What is the thousands digit of 1542?
1
What is the tens digit of 33797?
9
What is the hundreds digit of 1182?
1
What is the hundreds digit of 2728?
7
What is the tens digit of 29074?
7
What is the tens digit of 94379?
7
What is the thousands digit of 9152?
9
What is the hundreds digit of 4056?
0
What is the tens digit of 9177?
7
What is the tens digit of 5024?
2
What is the tens digit of 119451?
5
What is the units digit of 2874?
4
What is the units digit of 1010?
0
What is the ten thousands digit of 74827?
7
What is the hundreds digit of 3580?
5
What is the thousands digit of 11809?
1
What is the units digit of 8923?
3
What is the thousands digit of 47675?
7
What is the hundreds digit of 1181?
1
What is the tens digit of 46917?
1
What is the tens digit of 15912?
1
What is the hundred thousands digit of 164727?
1
What is the thousands digit of 5454?
5
What is the tens digit of 12071?
7
What is the ten thousands digit of 28683?
2
What is the tens digit of 11506?
0
What is the hundreds digit of 1599?
5
What is the tens digit of 925?
2
What is the tens digit of 31567?
6
What is the units digit of 859?
9
What is the units digit of 117797?
7
What is the thousands digit of 4969?
4
What is the ten thousands digit of 10554?
1
What is the hundreds digit of 10067?
0
What is the thousands digit of 37848?
7
What is the thousands digit of 5736?
5
What is the units digit of 4113?
3
What is the units digit of 4810?
0
What is the thousands digit of 10123?
0
What is the tens digit of 383?
8
What is the units digit of 2856?
6
What is the tens digit of 6398?
9
What is the units digit of 15541?
1
What is the tens digit of 42?
4
What is the units digit of 4460?
0
What is the thousands digit of 1323?
1
What is the tens digit of 88131?
3
What is the thousands digit of 3599?
3
What is the hundreds digit of 1959?
9
What is the tens digit of 9083?
8
What is the thousands digit of 29051?
9
What is the thousands digit of 4815?
4
What is the hundreds digit of 4088?
0
What is the tens digit of 28698?
9
What is the thousands digit of 1051?
1
What is the thousands digit of 8635?
8
What is the thousands digit of 16134?
6
What is the thousands digit of 61545?
1
What is the hundreds digit of 10236?
2
What is the hundreds digit of 505?
5
What is the units digit of 1072?
2
What is the thousands digit of 1282?
1
What is the tens digit of 17207?
0
What is the hundreds digit of 302?
3
What is the thousands digit of 14947?
4
What is the tens digit of 1196?
9
What is the hundreds digit of 2659?
6
What is the hundred thousands digit of 162151?
1
What is the hundreds digit of 29034?
0
What is the units digit of 416?
6
What is the hundreds digit of 98946?
9
What is the units digit of 251?
1
What is the hundreds digit of 6484?
4
What is the tens digit of 380?
8
What is the tens digit of 10972?
7
What is the hundreds digit of 8192?
1
What is the hundreds digit of 28088?
0
What is the tens digit of 1310?
1
What is the tens digit of 8895?
9
What is the tens digit of 44385?
8
What is the units digit of 8420?
0
What is the thousands digit of 1487?
1
What is the thousands digit of 29967?
9
What is the hundreds digit of 1397?
3
What is the ten thousands digit of 17827?
1
What is the hundreds digit of 22062?
0
What is the tens digit of 1243?
4
What is the thousands digit of 102002?
2
What is the hundreds digit of 18789?
7
What is the thousands digit of 9455?
9
What is the units digit of 938?
8
What is the hundreds digit of 859?
8
What is the tens digit of 3827?
2
What is the hundreds digit of 9973?
9
What is the hundreds digit of 30067?
0
What is the units digit of 800?
0
What is the tens digit of 22165?
6
What is the hundreds digit of 30689?
6
What is the hundreds digit of 14952?
9
What is the units digit of 2660?
0
What is the units digit of 1284?
4
What is the hundreds digit of 15744?
7
What is the tens digit of 4978?
7
What is the ten thousands digit of 53742?
5
What is the ten thousands digit of 115664?
1
What is the tens digit of 9319?
1
What is the tens digit of 5266?
6
What is the units digit of 202347?
7
What is the units digit of 28012?
2
What is the units digit of 4211?
1
What is the hundreds digit of 616?
6
What is the units digit of 64486?
6
What is the thousands digit of 1153?
1
What is the hundreds digit of 1549?
5
What is the tens digit of 4540?
4
What is the tens digit of 887?
8
What is the tens digit of 340?
4
What is the thousands digit of 7081?
7
What is the hundreds digit of 1011?
0
What is the tens digit of 6459?
5
What is the hundreds digit of 5183?
1
What is the hundreds digit of 1129?
1
What is the hundreds digit of 6269?
2
What is the tens digit of 37599?
9
What is the thousands digit of 1237?
1
What is the tens digit of 93788?
8
What is the ten thousands digit of 138389?
3
What is the thousands digit of 6238?
6
What is the tens digit of 6264?
6
What is the thousands digit of 49505?
9
What is the thousands digit of 3100?
3
What is the units digit of 128910?
0
What is the tens digit of 50903?
0
What is the thousands digit of 13059?
3
What is the thousands digit of 1352?
1
What is the tens digit of 134080?
8
What is the ten thousands digit of 31097?
3
What is the hundreds digit of 1260?
2
What is the units digit of 32630?
0
What is the thousands digit of 3424?
3
What is the hundreds digit of 4351?
3
What is the tens digit of 18183?
8
What is the units digit of 14618?
8
What is the tens digit of 7301?
0
What is the hundreds digit of 281?
2
What is the units digit of 31320?
0
What is the thousands digit of 2758?
2
What is the hundreds digit of 9916?
9
What is the thousands digit of 46045?
6
What is the hundreds digit of 1371?
3
What is the hundred thousands digit of 114644?
1
What is the hundreds digit of 1189?
1
What is the thousands digit of 5549?
5
What is the units digit of 63000?
0
What is the thousands digit of 25400?
5
What is the units digit of 1631?
1
What is the hundreds digit of 13595?
5
What is the ten thousands digit of 21396?
2
What is the tens digit of 30835?
3
What is the thousands digit of 30762?
0
What is the units digit of 7844?
4
What is the ten thousands digit of 96219?
9
What is the tens digit of 904?
0
What is the hundreds digit of 4354?
3
What is the tens digit of 893?
9
What is the units digit of 1978?
8
What is the units digit of 7723?
3
What is the ten thousands digit of 23337?
2
What is the tens digit of 563?
6
What is the hundreds digit of 1381?
3
What is the hundreds digit of 1194?
1
What is the tens digit of 54?
5
What is the tens digit of 1060?
6
What is the ten thousands digit of 25855?
2
What is the thousands digit of 8063?
8
What is the tens digit of 68289?
8
What is the hundreds digit of 8287?
2
What is the thousands digit of 71458?
1
What is the hundreds digit of 20129?
1
What is the hundreds digit of 1253?
2
What is the units digit of 9268?
8
What is the thousands digit of 8682?
8
What is the tens digit of 1162?
6
What is the units 